 32*o + 491. What is b(-18)?
-85
Let v(t) = -18*t - 14. What is v(-3)?
40
Let t(h) = -12*h + 572. What is t(47)?
8
Let z(y) = 413*y + 2065. What is z(-5)?
0
Let l(p) = -p**3 + 19*p**2 + 476*p - 7638. Determine l(14).
6
Let s(m) = -126*m - 226. Give s(-2).
26
Let l(k) = -k**3 - 33*k**2 + 39*k + 66. Give l(-34).
-104
Let x(s) = -s + 86. Give x(-49).
135
Let v(w) = 375*w - 12375. What is v(33)?
0
Let m(i) = -183*i + 686. Calculate m(4).
-46
Let s(g) = 176*g + 6540. Calculate s(-37).
28
Let q(w) = -3*w - 39. What is q(5)?
-54
Let q(g) = -3*g**3 + 107*g**2 + 41*g - 151. Calculate q(36).
29
Let f(z) = 10*z**2 + 405*z - 406. What is f(1)?
9
Let w(x) = x**3 - 9*x**2 - 85*x + 769. Calculate w(9).
4
Let t(c) = -c**3 + 4*c**2 + 12*c - 45. Determine t(3).
0
Let q(t) = -24*t + 84. Calculate q(11).
-180
Let x(f) = -f**2 + 2*f + 78. What is x(10)?
-2
Let i(n) = n + 44. What is i(-30)?
14
Let q(n) = -33*n + 350. What is q(14)?
-112
Let d(j) = -9*j**2 + 344*j - 1551. Determine d(33).
0
Let q(m) = 23*m + 205. What is q(-8)?
21
Let w(y) = y**3 + 36*y**2 - y - 73. Calculate w(-36).
-37
Let a(l) = l**2 + 38*l - 28. What is a(-39)?
11
Let f(h) = -3*h**2 - 36*h + 29. What is f(-20)?
-451
Let i(d) = 26*d + 1079. Give i(-40).
39
Let j(r) = -10*r - 175. Determine j(-14).
-35
Let l(u) = 70*u**2 + 93*u + 92. Calculate l(-1).
69
Let n(s) = -3*s**2 - 49*s - 30. Determine n(-15).
30
Let y(p) = 10*p**2 - 152*p + 595. Calculate y(4).
147
Let d(y) = 61*y - 2258. What is d(37)?
-1
Let a(o) = 13*o - 52. Calculate a(8).
52
Let y(x) = -x**2 - 39*x - 381. Calculate y(-30).
-111
Let o(a) = -64*a + 2452. Calculate o(38).
20
Let p(n) = -n**2 - 88*n + 8462. Determine p(58).
-6
Let t(o) = -3*o**3 - 306*o**2 - 6*o - 614. Determine t(-102).
-2
Let f(t) = -12*t - 393. Give f(-40).
87
Let s(m) = -m**3 - 121*m**2 - 228*m + 869. Calculate s(-119).
-321
Let q(j) = -174*j + 429. Calculate q(2).
81
Let v(g) = -64*g + 7265. Calculate v(113).
33
Let c(q) = -261*q + 1312. Calculate c(8).
-776
Let z(p) = -p**3 + 13*p**2 - 63*p + 106. Determine z(8).
-78
Let f(j) = 687*j + 2059. Calculate f(-3).
-2
Let s(h) = -457*h + 2894. Calculate s(6).
152
Let w(x) = 6*x**3 + 4*x**2 + 7*x + 6. Give w(-4).
-342
Let g(n) = 48*n + 5392. What is g(-112)?
16
Let m(j) = j**3 + 84*j**2 - 83*j + 179. Give m(-85).
9
Let l(i) = 3*i**3 - 82*i**2 + 39*i - 321. What is l(27)?
3
Let a(q) = -21*q + 681. Determine a(35).
-54
Let m(u) = 3*u**2 - 20*u + 6. Calculate m(5).
-19
Let w(l) = 5*l**2 - 118*l + 82. Calculate w(23).
13
Let l(s) = 39*s - 131. Calculate l(-17).
-794
Let v(x) = -x**3 - 7*x**2 - 3*x + 19. Determine v(-5).
-16
Let i(n) = -n**3 - 9*n**2 + 81*n + 718. Calculate i(-8).
6
Let y(u) = 356*u - 12882. Give y(36).
-66
Let s(j) = -34*j + 2856. What is s(83)?
34
Let v(n) = -15*n**2 + 89*n - 72. What is v(1)?
2
Let x(l) = -3*l**2 + 171*l - 171. What is x(56)?
-3
Let g(k) = 181*k - 306. Calculate g(2).
56
Let d(g) = -g**3 - 28*g**2 + 56*g - 133. Give d(-30).
-13
Let g(t) = -276*t**2 - 12972*t + 6. Give g(-47).
6
Let t(b) = 8*b**2 - 199*b - 1295. What is t(-7)?
490
Let f(z) = -22*z + 135. Calculate f(-5).
245
Let f(u) = 3*u**3 + 9*u**2 + 5*u - 15. Determine f(-8).
-1015
Let n(t) = -3*t**2 - 126*t + 387. Determine n(-45).
-18
Let a(m) = 11*m**2 + 7. Calculate a(3).
106
Let d(w) = -137*w - 1379. Give d(-10).
-9
Let q(v) = -36*v + 91. Give q(5).
-89
Let t(u) = 48*u + 337. What is t(-7)?
1
Let d(j) = 4*j**3 + 27*j**2 + 13*j + 36. Calculate d(-5).
146
Let a(j) = -j**2 - 99*j + 2814. Determine a(-122).
8
Let q(k) = -k**2 + 157*k + 5077. What is q(-27)?
109
Let q(i) = 207*i + 2904. What is q(-14)?
6
Let c(q) = 6*q**2 - 384*q - 379. Calculate c(-1).
11
Let w(h) = -12*h + 221. Calculate w(14).
53
Let k(s) = s**3 - 29*s**2 - 10*s + 312. Determine k(29).
22
Let i(b) = b**3 + 62*b**2 + 466*b - 592. Determine i(-53).
-9
Let y(v) = -100*v + 802. Calculate y(8).
2
Let s(i) = 11*i**2 + 123*i - 847. Determine s(-16).
1
Let g(w) = w**3 - 5*w - 11. Calculate g(3).
1
Let l(a) = -2*a**3 + 9*a**2 - 39*a + 249. Give l(5).
29
Let u(p) = p**3 - 45*p**2 - 195*p - 50. Determine u(49).
-1
Let l(q) = -14*q**2 + 5*q + 4. Determine l(3).
-107
Let j(g) = 13*g**2 - 26*g - 12. Calculate j(-5).
443
Let v(g) = -176*g + 14621. Give v(83).
13
Let l(h) = -31*h + 324. Determine l(5).
169
Let p(n) = 7*n**2 - 7*n - 227. Calculate p(-6).
67
Let l(s) = -24*s - 166. What is l(-13)?
146
Let j(r) = -13*r**2 - 48*r - 2. Give j(-1).
33
Let c(k) = 55*k + 4996. What is c(-91)?
-9
Let t(y) = -87*y**2 + 432*y + 19. Calculate t(5).
4
Let a(t) = t**2 + 131*t + 1882. Calculate a(-16).
42
Let y(s) = s**3 - 79*s**2 + 438*s - 8. What is y(73)?
-8
Let b(g) = -g**2 - 137*g - 1172. What is b(-9)?
-20
Let u(l) = -l**2 + 19*l + 204. Give u(-8).
-12
Let p(k) = -2*k**2 - 79*k + 136. Calculate p(-41).
13
Let n(x) = 4*x**3 + 60*x**2 - 22*x - 337. Determine n(-15).
-7
Let h(c) = 48*c - 719. Calculate h(15).
1
Let r(x) = -59*x + 382. Give r(6).
28
Let n(r) = r**3 - 28*r**2 + 26*r + 23. Calculate n(27).
-4
Let s(k) = -k**2 + 11*k + 662. Give s(-21).
-10
Let h(n) = -5*n**2 - 368*n - 3615. What is h(-62)?
-19
Let m(l) = 67*l - 1033. What is m(16)?
39
Let i(j) = 5*j**3 + 43*j**2 + 110*j + 6. What is i(-6)?
-186
Let p(j) = -2*j**3 + 2*j**2 + 208*j + 3. Calculate p(11).
-129
Let x(n) = -2*n**2 + 47*n - 129. Determine x(20).
11
Let k(m) = 30*m + 2110. Calculate k(-70).
10
Let o(d) = -d**3 - 6*d**2 + 7*d + 32. Determine o(-6).
-10
Let i(t) = 20*t - 664. Determine i(32).
-24
Let n(q) = -q**2 + 59*q + 316. Give n(64).
-4
Let x(y) = y**2 - 13*y + 161. Determine x(0).
161
Let c(s) = 4*s**3 - 52*s**2 + s - 58. Calculate c(13).
-45
Let a(n) = -170*n - 5445. Determine a(-32).
-5
Let t(h) = -h**3 - 5*h**2 + 38*h + 137. Calculate t(-3).
5
Let v(k) = -2*k**2 - 63*k - 129. Calculate v(-27).
114
Let a(d) = 2*d + 72. Give a(-29).
14
Let a(d) = 132*d - 1234. Give a(10).
86
Let p(z) = -4*z + 17. Determine p(5).
-3
Let k(i) = 69*i - 1602. Give k(24).
54
Let u(t) = -223*t - 2016. Give u(-10).
214
Let b(y) = 76*y - 4600. What is b(61)?
36
Let x(v) = 4*v**2 + 591*v + 11070. What is x(-22)?
4
Let g(f) = -139*f**2 - 19*f + 42. Determine g(2).
-552
Let n(f) = -f**3 - 12*f**2 - 23*f - 159. What is n(-11)?
-27
Let x(p) = -3*p**2 - 20*p - 3. Calculate x(-13).
-250
Let u(q) = -99*q - 50. Determine u(-8).
742
Let u(l) = 12*l + 546. Calculate u(-22).
282
Let o(x) = 3*x**2 - 9*x + 20. What is o(0)?
20
Let f(s) = -254*s + 2907. Calculate f(11).
113
Let u(m) = -6382*m + 31918. Give u(5).
8
Let l(p) = 42*p - 518. Give l(12).
-14
Let m(f) = -68*f + 6933. Give m(102).
-3
Let k(m) = 2*m**2 + 18*m - 7. Calculate k(-6).
-43
Let v(y) = y**2 + 418*y + 25185. Give v(-73).
0
Let x(f) = -f**3 + 28*f**2 - 76*f - 91. Calculate x(25).
-116
Let m(q) = q**3 + 7*q**2 + 259*q + 1511. Calculate m(-6).
-7
Let j(h) = -13*h**3 - 5*h**2 - 68*h - 64. Determine j(-1).
12
Let m(w) = -29*w**2 + 2*w - 5. Determine m(1).
-32
Let n(d) = 339*d - 3045. Determine n(9).
6
Let r(o) = 173*o + 546. Determine r(-3).
27
Let i(f) = 10*f - 268. Determine i(27).
2
Let s(a) = 525*a - 95560. Calculate s(182).
-10
Let q(f) = -132*f - 10947. Give q(-83).
9
Let k(h) = h**2 + 4*h - 56. What is k(-10)?
4
Let i(n) = -n**3 + 8*n**2 - 21*n + 120. Calculate i(6).
66
Let y(h) = 4*h**3 - 5*h**2 - 48*h + 130. Calculate y(3).
49
Let i(b) = b**3 + 7*b**2 + 60*b + 192. Calculate i(-4).
0
Let v(r) = 384*r**2 - 759*r - 17. Determine v(2).
1
Let s(q) = 2*q**3 - 111*q**2 - 55*q - 51. Determine s(56).
5
Let r(a) = -a**3 + 15*a**2 + 258*a - 3670. Give r(13).
22
Let g(u) = -2*u**2 + 213*u - 1110. Give g(101).
1
Let d(k) = 4*k**3 - 39*k**2 - 15*k + 55. Determine d(10).
5
Let h(r) = 4*r**2 - 229*r - 425. Determine h(59).
-12
Let n(z) = 2*z**3 - 109*z**2 + 35*z + 1050. Calculate n(54).
24
Let p(o) = -4*o**3 + 109*o**2 + 453*o + 375. Determine p(31).
3
Let b(i) = 5*i**2 + 3*i - 60. Give b(6).
138
Let n(r) = 628*r**2 - 3*r + 4. Give n(1).
629
Let f(s) = 8*s**2 + 34*s - 107. Give f(2).
-7
Let y(m) = -21*m + 2670. Give y(127).
3
Let h(k) = 69*k**2 + 231*k - 10. What is h(-3)?
-82
Let r(w) = 2*w**3 - 19*w**2 + w + 77. Calculate r(9).
5
Let t(u) = -97*u + 1905. Determine t(19).
62
Let s(q) = -32*q + 748. Give s(29).
-180
Let r(t) = 503*t - 41246. Give r(82).
0
Let m(g) = -g**3 + g**2 - 23*g + 48. Giv